*n**2 - 45*n - 48. Let m be d(16). Let v(o) = o + 8. Let w be v(-6). Is 1205/((7 - w) + (-4 - m)) a composite number?
True
Suppose -22 + 2 = 5*s, -5*s = -5*r + 451135. Is r a composite number?
True
Suppose -2*c - 15*u + 411933 = -14*u, -2*c = -10*u - 411944. Is c prime?
True
Suppose 1299743 = 70*j + 57*j - 3354426. Is j a prime number?
False
Let c be 8/3 + 4*(-3)/18. Suppose -2*u + 1396 = c*t, -t - u + 1399 = t. Is t composite?
False
Let k(t) = -2*t + 2. Let w be k(1). Suppose -7*c + 12*c + 50 = w. Is 2/c - 1896/(-5) composite?
False
Let u = -171 - -174. Suppose 0 = 2*l + 2*z - 534, -u*z = 2*l - 4*l + 524. Is l a composite number?
True
Suppose -15 = -11*a + 29. Suppose 0 = x - a*d - 34 - 20, 0 = -5*x + 3*d + 338. Let w = 363 - x. Is w prime?
True
Let w = 23 - 27. Let q = 7 - w. Let l(c) = 50*c - 5. Is l(q) prime?
False
Let l be -10*((-132)/20 + 7). Is l + (-22)/(-5) + (-285092)/(-20) composite?
True
Suppose 0 = 19*a + 3*a - 220. Is 251/((-5)/a*-1) a composite number?
True
Let p(w) = w**2 - 5*w + 8. Let l be p(4). Suppose -3*r = -3*o + 13914, l*r = -1 - 3. Is o a prime number?
True
Let v be -5 - (-1 + 9978) - -2. Let i be -1 - 6*v/15. Let q = -954 + i. Is q a composite number?
False
Let g(u) = 70*u**3 + 53*u**2 - 22*u - 17. Is g(12) prime?
True
Let b = 219 + -386. Let p = -508 - -252. Let n = b - p. Is n a prime number?
True
Let g(m) = -4*m - 26. Let i be (-54)/8 - 7*(-3)/(-84). Let j be g(i). Suppose j*t = -5*r + 1689 + 1250, 0 = -5*t + 5*r + 7400. Is t a prime number?
False
Suppose 0 = 8*d - 15*d + 7280. Let b = 5713 - d. Is b prime?
True
Let n = -71 + 76. Suppose -f - 100 = -n*d - 521, -f = -2*d - 169. Is 7/(d/(-1280)) + (-2)/3 a composite number?
True
Let i(j) = 7*j - 18. Let z be i(2). Is 51580/(-50)*10/z prime?
True
Let v = -18167 + 35038. Is v composite?
False
Suppose 0 = 162*q + 20*q - 100468186. Is q prime?
False
Let n(g) = 2*g**2 + 64*g + 124. Let c be n(-2). Let r = 18 - 13. Suppose 0 = -b - r*w + 285, -b - c*w + 316 = 35. Is b composite?
True
Suppose -5*q - 3*j + 20 = 0, -5*q - j + 20 = -3*j. Let k(b) = -30*b + 43*b + 3 + 70*b. Is k(q) prime?
False
Suppose 5*t + 3*b = 9*t - 34, -4*b = -3*t + 22. Suppose 400 = -t*g + 7740. Is g a composite number?
True
Suppose -23*d - 4623 = -26*d. Suppose -9900 - d = -17*x. Is x composite?
False
Let c = 53 - 44. Let s(v) = 3*v**2 + 33*v - 3. Is s(c) composite?
True
Let y(l) = 3440*l**2 - 14*l + 53. Is y(3) composite?
False
Let h(r) be the second derivative of 5*r**3/6 + 9*r**2 + 9*r - 12. Let z be (-150)/(-8) + 1/4. Is h(z) a prime number?
True
Let p = 389 - -6906. Suppose 0*b + 20 = 5*b, 0 = -5*a - 5*b + p. Suppose 0 = -4*t - a + 5675. Is t composite?
True
Let y be (10/(-6))/(22/(-157938)). Let x = -2196 + y. Is x a composite number?
False
Suppose -71*s - 600140 = -75*s - 4*n, -300106 = -2*s + 4*n. Is s composite?
False
Is (6079/(-3))/((-34)/(-6) - 6) a composite number?
False
Suppose -32*h + 34*h = -134075 + 521433. Is h composite?
False
Suppose 0 = -10*f - 8 - 12. Is 1*479/(-2)*f composite?
False
Let a = -81530 - -298321. Is a a composite number?
False
Suppose -28*x = 3*x. Suppose x = -5*s - 2*l - 3*l + 73305, 3*s - 43967 = 5*l. Is s composite?
True
Let i(b) = 3*b**2 - 34*b. Let n(h) = -41*h + 82. Let o be n(3). Is i(o) a composite number?
True
Let i(h) = 3*h**2 - 7*h + 4. Let l be i(-10). Let u be 1/(1 + l/(-375)). Let b = -40 + u. Is b a prime number?
False
Let k be (-4)/(-14) - (-6)/84*-4. Suppose -4*w - 2*h + 42226 = 0, 2*h = -k*h - 10. Is w composite?
False
Suppose -38*g + 5105500 = 797478. Is g a prime number?
False
Let j(m) = 157*m + 19. Suppose -5*l = -4*c + 484, 0 = -5*l - 2*c - 272 - 206. Let d = -92 - l. Is j(d) a composite number?
False
Let a = -102 - -112. Is 2 + ((-9)/4)/(a/(-2760)) a prime number?
False
Let m be (-192)/(-48) + 3*1. Suppose -n = i - 4739, 5*n - m*n - 3*i = -9476. Is n a composite number?
True
Suppose 0 = 28*l - 29*l - 2*j + 51, 4*j = l - 57. Suppose l*a - 54*a + 20312 = o, -2*a = o - 20307. Is o composite?
True
Suppose 0 = 3*g - 4*a - 0 + 1, 5*g - 3*a = 13. Suppose -1361 = -p - 0*p + 5*d, -6805 = -5*p - g*d. Is p a prime number?
True
Let m = 318 + -316. Suppose -m*h + 1911 = 5*y, -y + 2*y = 5*h + 366. Is y prime?
False
Suppose x - 332 = 182. Suppose 4*d + d = 10. Is (d/(-6)*3)/((-1)/x) composite?
True
Suppose 21400*u = 21422*u - 5254194. Is u a composite number?
True
Let u = 62 - 64. Let w be u/3*(1822/(-4) - 5). Let p = -158 + w. Is p a composite number?
False
Let v(s) = 4554*s**2 - 2*s + 1. Let l be v(-1). Suppose -5*a = -2*f - 0*f - l, 0 = 4*a + 2*f - 3642. Is a a composite number?
False
Let d(k) = -5*k**3 - 120*k**2 + 5*k + 76. Let c(f) = -f**3 - 24*f**2 + f + 15. Let j(h) = -11*c(h) + 2*d(h). Is j(-22) a prime number?
True
Let p be (-2)/((-24)/33) + (-11)/(-44). Suppose 0 = p*v + 5*f - 0*f - 5757, -3838 = -2*v - f. Is v a prime number?
False
Let j(o) = -3134*o**3 - 2*o**2 - 4*o - 2. Let l be j(-1). Suppose 2704 = 6*b - l. Is b composite?
True
Suppose 0 = -11*h + 10*h - 2. Let q(s) = -1296*s - 11. Is q(h) composite?
True
Let v = 181 + -178. Suppose -5*q + 7733 = -5*c - 2747, v*q + 3*c = 6306. Is q a prime number?
True
Suppose 9*h - 21259 = 2204. Is (h/15)/(13/65) composite?
True
Is 3397 - -19 - 13/1 a composite number?
True
Let i(w) = -w**2 + 4*w - 1. Let t be i(3). Suppose -5*o + t*s + 8111 = 0, -4*s = 5*o - 7*o + 3238. Is o a prime number?
False
Suppose -520565 = -3*j - 11*j + 16756821. Is j prime?
True
Let w be (-40)/24*(-1 + -2). Suppose -3*x + 4*x = -w*h + 897, -4*h - 4485 = -5*x. Suppose 5*z = 2*o - 389 - 209, -3*o + 5*z + x = 0. Is o prime?
False
Let z = -132 + 478. Suppose -2*u = 4*t - z, -4*t - 2*u = -9*t + 437. Is t prime?
False
Let m = 118 + -68. Is 6748/5 - 30/m a prime number?
False
Suppose 37 - 13 = 6*s. Suppose 600 = -s*m - 32. Let d = -107 - m. Is d prime?
False
Let g(s) = s**3 - 10*s**2 + 33. Let f be g(10). Suppose 0 = -11*w + f*w - 16214. Is w composite?
True
Let j = 698 - 672. Suppose j*p - p = 107675. Is p composite?
True
Suppose 2*f - 393217 = -5*c, 5*f = -c + 44936 + 33712. Is c a prime number?
True
Suppose -5*x + 90*o - 93*o = -976265, 2*o + 390506 = 2*x. Is x a prime number?
True
Let p = -5175 - -37262. Is p a prime number?
False
Let t = -108286 - -176637. Is t prime?
True
Is 13707/6*(-24486)/(-57) - 2/19 composite?
False
Let p = 26742 - 12713. Is p a prime number?
True
Suppose 28982 = -22*u + 24*u - 4*b, 5*u - 3*b = 72490. Is u a prime number?
False
Suppose 3*b - o - 1654353 = 0, 0 = -3*b - 273*o + 278*o + 1654329. Is b composite?
True
Let j(n) = -171*n**2 - 20*n + 11. Let d be j(-9). Let h = 23469 + d. Is h a composite number?
True
Suppose 3*f = 4*f - 37034. Suppose 5*s - 3*m + f = 97704, s = 2*m + 12141. Is s composite?
True
Let i(k) = 10*k**2 - 29*k - 347. Let w be i(48). Suppose 4*h = -3*b + w, -28422 = -4*b - 2*h + 7*h. Is b a composite number?
False
Suppose -3*v - 9 = -m + 3, -15 = -2*m + 3*v. Suppose 4*f - 2*f = m*c - 12107, 0 = 2*c - 2*f - 8070. Is c prime?
False
Suppose -o - 578496 = -4*r, 7*o + 723123 = 5*r + 5*o. Is r a composite number?
True
Let o = -5085 - -10346. Is o a prime number?
True
Suppose 3*w - 96 = n - 4*n, 5*n = -w + 152. Let r = 352 + n. Is r a prime number?
False
Suppose -u - 36*q + 37*q + 480015 = 0, 4*q = 2*u - 960034. Is u prime?
True
Let p be ((-6)/(-4))/((1 + 4)/(-20)). Let i be (42/3)/(p/(-3012)). Suppose 0 = w + 3*w - i. Is w prime?
False
Let g(h) = -470*h + 15. Let x(q) = 4*q + 53. Let k be x(-13). Let i(d) = 2*d - 4. Let w be i(k). Is g(w) composite?
True
Let l = 99006 - -3791. Suppose 5*a - 4*n - 102789 = 0, -2*a + 2*n = 3*a - l. Is a composite?
True
Is 18 + (-9 - -31 - -43678) composite?
True
Let c = 34 - 30. Suppose 0 = -7*z + 5*z - c. Is (7/21)/(z/93)*-4 a composite number?
True
Suppose 4*m = -m. Suppose -8*x - 44 - 20 = m. Is (-106)/4*(x/(-4))/(-1) composite?
False
Suppose 0 = -f - 3*f + 5*f. Suppose f = 5*o + 5*g - 29 + 9, -g = 2*o - 6. Suppose 0 = 2*z, -t = -o*z + 121 - 452. Is t composite?
False
Is ((-8039)/(-2))/((-58)/(-116)) a prime number?
True
Suppose -438385 = -2*x - 3*a, -14*x + 15*x + 5*a - 219182 = 0. Is x a prime number?
False
Suppose 0 = -4*p - 88*b + 91*b + 3816409, -3*p = 4*b - 2862263. Is p composite?
False
Is 1982000 + (-511)/175 + 10/(-125) a prime number?
True
Let d(p) = 1